

-- Table: Category
INSERT INTO `Category` (`id`, `name`) VALUES ('cat-hardware', 'Hardware');
INSERT INTO `Category` (`id`, `name`) VALUES ('cat-iot', 'IoT');
INSERT INTO `Category` (`id`, `name`) VALUES ('cat-web', 'Web');
INSERT INTO `Category` (`id`, `name`) VALUES ('cat-robotique', 'Robotique');
INSERT INTO `Category` (`id`, `name`) VALUES ('cat-industrie', 'Industrie');
INSERT INTO `Category` (`id`, `name`) VALUES ('cat-logiciel', 'Logiciel');
INSERT INTO `Category` (`id`, `name`) VALUES ('cat-agriculture', 'Agriculture');
INSERT INTO `Category` (`id`, `name`) VALUES ('cat-energie', 'Energie');
INSERT INTO `Category` (`id`, `name`) VALUES ('cmlx14yb9000t04la1jpsgjom', 'IA');
INSERT INTO `Category` (`id`, `name`) VALUES ('cmlx15by1000u04la18bxecot', 'Elevage ');
INSERT INTO `Category` (`id`, `name`) VALUES ('cmlx1g295000z04laac0grevg', 'Automatisation');
INSERT INTO `Category` (`id`, `name`) VALUES ('cmlxy0a8x000004ldzi9h72fq', 'Electronique numérique ');
INSERT INTO `Category` (`id`, `name`) VALUES ('cmlxy16r2000104ldya16k15m', 'Electronique analogique ');
INSERT INTO `Category` (`id`, `name`) VALUES ('cmlxy2ony000204ld2iu32r72', 'Systèmes Embarqués & Firmware');

-- Table: Project
INSERT INTO `Project` (`id`, `title`, `description`, `categoryId`, `image`, `videoUrl`, `repoUrl`, `liveUrl`, `technologies`, `status`, `featured`, `createdAt`, `updatedAt`) VALUES ('cmlx1lakv001104laberhz0vy', 'Système de Contrôle d’Accès par Badge RFID', '<p>Système&nbsp;sécurisé&nbsp;permettant&nbsp;l’accès&nbsp;à&nbsp;une&nbsp;zone&nbsp;restreinte&nbsp;via&nbsp;authentification&nbsp;par&nbsp;badge&nbsp;électronique.</p>', 'cmlxy2ony000204ld2iu32r72', 'https://drive.google.com/file/d/1KD8rHxV6ZaaMr0FyMl5qFS72fsLQzbkX/view?usp=sharing', 'https://youtu.be/0nu71AQ4t5w?si=8yx2y6vPhKO-th7r', '', '', '["Arduino","RFID RC522","Buzzer","LCD"]', 'Terminé', true, '2026-02-22T00:01:36.079Z', '2026-02-22T17:14:40.141Z');
INSERT INTO `Project` (`id`, `title`, `description`, `categoryId`, `image`, `videoUrl`, `repoUrl`, `liveUrl`, `technologies`, `status`, `featured`, `createdAt`, `updatedAt`) VALUES ('cmlx1iyi3001004la3p7gsumm', 'Système Intelligent de Gestion de Niveau d’Eau', '<p>Solution&nbsp;automatique&nbsp;permettant&nbsp;le&nbsp;contrôle&nbsp;du&nbsp;remplissage&nbsp;d’une&nbsp;cuve&nbsp;d’eau&nbsp;avec&nbsp;prévention&nbsp;de&nbsp;débordement.</p>', 'cmlxy2ony000204ld2iu32r72', 'https://drive.google.com/file/d/1ekSARLbjwjc0-toYRAAiQw0iMq116x6_/view?usp=drive_link', 'https://youtu.be/v_AouF8Xif0?si=Q7UMn06ob1rhPiq3', '', '', '["ESP32","Capteurs de niveau d’eau","Relais"]', 'Terminé', true, '2026-02-21T23:59:47.115Z', '2026-02-22T17:16:38.811Z');
INSERT INTO `Project` (`id`, `title`, `description`, `categoryId`, `image`, `videoUrl`, `repoUrl`, `liveUrl`, `technologies`, `status`, `featured`, `createdAt`, `updatedAt`) VALUES ('cmlx1d78e000x04lacpflz9a1', 'Système de Domotique Intelligent', '<p>Conception&nbsp;d’un&nbsp;système&nbsp;permettant&nbsp;le&nbsp;contrôle&nbsp;à&nbsp;distance&nbsp;des&nbsp;équipements&nbsp;domestiques&nbsp;via&nbsp;interface&nbsp;web.</p>', 'cat-iot', '', '', '', '', '["ESP32","MQTT","Node.js","HTML","CSS","JavaScript","PostgreSQL"]', 'Terminé', false, '2026-02-21T23:55:18.494Z', '2026-02-21T23:55:18.494Z');
INSERT INTO `Project` (`id`, `title`, `description`, `categoryId`, `image`, `videoUrl`, `repoUrl`, `liveUrl`, `technologies`, `status`, `featured`, `createdAt`, `updatedAt`) VALUES ('cmlx1ainq000w04laffz7vtbe', 'Système de Gestion Automatique de Sources d’Alimentation', '<p>Développement&nbsp;d’un&nbsp;système&nbsp;intelligent&nbsp;permettant&nbsp;la&nbsp;commutation&nbsp;automatique&nbsp;entre&nbsp;le&nbsp;secteur&nbsp;et&nbsp;une&nbsp;source&nbsp;de&nbsp;secours&nbsp;afin&nbsp;d’assurer&nbsp;une&nbsp;alimentation&nbsp;continue.</p>', 'cmlxy2ony000204ld2iu32r72', 'https://drive.google.com/file/d/1zuuACJEoz4M1shho2Q3bzVm-1_FhSbJ2/view?usp=drive_link', '', '', '', '["ESP32","Relais","I2C","LCD Display","C/C++","Capteurs tension"]', 'Terminé', false, '2026-02-21T23:53:13.334Z', '2026-02-22T17:22:01.689Z');
INSERT INTO `Project` (`id`, `title`, `description`, `categoryId`, `image`, `videoUrl`, `repoUrl`, `liveUrl`, `technologies`, `status`, `featured`, `createdAt`, `updatedAt`) VALUES ('p7', 'Compteur Électrique Connecté', '<p>Mesure&nbsp;précise&nbsp;de&nbsp;la&nbsp;consommation&nbsp;électrique&nbsp;d&#39;un&nbsp;foyer.</p>', 'cmlxy2ony000204ld2iu32r72', 'https://drive.google.com/file/d/1KD8rHxV6ZaaMr0FyMl5qFS72fsLQzbkX/view?usp=sharing', NULL, NULL, NULL, '["ESP32","Firebase","ADC"]', 'Terminé', true, '2026-02-21T20:12:10.944Z', '2026-02-22T17:23:45.349Z');
INSERT INTO `Project` (`id`, `title`, `description`, `categoryId`, `image`, `videoUrl`, `repoUrl`, `liveUrl`, `technologies`, `status`, `featured`, `createdAt`, `updatedAt`) VALUES ('proj-17716918825350.26153021345710115', 'Station Météo Connectée', '<p>Une&nbsp;station&nbsp;IoT&nbsp;complète&nbsp;mesurant&nbsp;température&nbsp;et&nbsp;humidité&nbsp;avec&nbsp;transmission&nbsp;via&nbsp;LoRa.</p>', 'cat-iot', 'https://drive.google.com/file/d/1RrJn5tn-IiCI5rA9yg8Gt5QO5GcUHb8r/view?usp=sharing', NULL, NULL, NULL, '["ESP32","LoRa","C++"]', 'Terminé', true, '2026-02-21T15:38:03.520Z', '2026-02-22T17:24:38.196Z');
INSERT INTO `Project` (`id`, `title`, `description`, `categoryId`, `image`, `videoUrl`, `repoUrl`, `liveUrl`, `technologies`, `status`, `featured`, `createdAt`, `updatedAt`) VALUES ('p4', 'Système d''Irrigation Intelligent', '<p>Gestion&nbsp;automatique&nbsp;de&nbsp;l&#39;eau&nbsp;basée&nbsp;sur&nbsp;l&#39;humidité&nbsp;du&nbsp;sol.</p>', 'cmlxy2ony000204ld2iu32r72', 'https://images.unhttps://drive.google.com/file/d/1KD8rHxV6ZaaMr0FyMl5qFS72fsLQzbkX/view?usp=sharingsplash.com/photo-1523348837708-15d4a09cfac2', NULL, NULL, NULL, '["Micro-contrôleur ESP 32","WiFi","Python"]', 'Terminé', true, '2026-02-21T20:12:10.069Z', '2026-02-22T17:25:19.914Z');
INSERT INTO `Project` (`id`, `title`, `description`, `categoryId`, `image`, `videoUrl`, `repoUrl`, `liveUrl`, `technologies`, `status`, `featured`, `createdAt`, `updatedAt`) VALUES ('cmlx1oz1n001304lamqnyurj9', 'Système de Surveillance Environnementale IoT', '<p>Surveillance&nbsp;de&nbsp;la&nbsp;température,&nbsp;humidité&nbsp;et&nbsp;qualité&nbsp;de&nbsp;l’air&nbsp;avec&nbsp;transmission&nbsp;des&nbsp;données&nbsp;vers&nbsp;le&nbsp;cloud.</p>', 'cat-iot', '', '', '', '', '["ESP32","MQTT","Capteurs DHT22","MQ Series"]', 'Terminé', false, '2026-02-22T00:04:27.755Z', '2026-02-22T15:13:25.593Z');
INSERT INTO `Project` (`id`, `title`, `description`, `categoryId`, `image`, `videoUrl`, `repoUrl`, `liveUrl`, `technologies`, `status`, `featured`, `createdAt`, `updatedAt`) VALUES ('cmlx1nfnn001204la0ji2poe6', 'Alimentation Stabilisée Variable', '<p>Conception&nbsp;d’une&nbsp;alimentation&nbsp;DC&nbsp;variable&nbsp;utilisée&nbsp;pour&nbsp;les&nbsp;tests&nbsp;électroniques&nbsp;et&nbsp;prototypage.</p>', 'cmlxy16r2000104ldya16k15m', 'https://drive.google.com/file/d/1HmHIxyS9yx3vGLwb3oWZ9TLdMx6kuzRp/view?usp=sharing', 'https://youtu.be/WKpDzC9XLhA?si=-UePgR7dJLmaIA87', '', '', '["Circuits analogiques","Régulateurs de tension"]', 'Terminé', true, '2026-02-22T00:03:15.970Z', '2026-02-22T17:07:56.048Z');
INSERT INTO `Project` (`id`, `title`, `description`, `categoryId`, `image`, `videoUrl`, `repoUrl`, `liveUrl`, `technologies`, `status`, `featured`, `createdAt`, `updatedAt`) VALUES ('cmly32xl3000004jo6p201296', 'Afficheur LED Message Défilant Intelligent', '<p>Matrice&nbsp;LED&nbsp;programmable&nbsp;permettant&nbsp;l’affichage&nbsp;dynamique&nbsp;de&nbsp;messages&nbsp;personnalisés.</p>', 'cmlxy2ony000204ld2iu32r72', 'https://drive.google.com/file/d/1KD8rHxV6ZaaMr0FyMl5qFS72fsLQzbkX/view?usp=sharing', 'https://youtu.be/TiiJX07woys?si=TQ7-R1isi4y5eZbS', '', '', '["Arduino","Matrices LED","Communication série"]', 'Terminé', true, '2026-02-22T17:31:04.839Z', '2026-02-22T17:31:04.839Z');
INSERT INTO `Project` (`id`, `title`, `description`, `categoryId`, `image`, `videoUrl`, `repoUrl`, `liveUrl`, `technologies`, `status`, `featured`, `createdAt`, `updatedAt`) VALUES ('cmlx1fir4000y04laow3e7by4', 'Système d’Éclairage Intelligent', '<p>Système&nbsp;d’allumage&nbsp;automatique&nbsp;basé&nbsp;sur&nbsp;la&nbsp;détection&nbsp;de&nbsp;lumière&nbsp;pour&nbsp;optimiser&nbsp;la&nbsp;consommation&nbsp;énergétique.</p>', 'cmlxy16r2000104ldya16k15m', 'https://drive.google.com/file/d/1KD8rHxV6ZaaMr0FyMl5qFS72fsLQzbkX/view?usp=sharing', 'https://youtu.be/gqbej8psCDE?si=oD46sIC3erpVipdk', '', '', '["Capteurs LDR","Relais"]', 'Terminé', true, '2026-02-21T23:57:06.736Z', '2026-02-22T17:20:26.040Z');
INSERT INTO `Project` (`id`, `title`, `description`, `categoryId`, `image`, `videoUrl`, `repoUrl`, `liveUrl`, `technologies`, `status`, `featured`, `createdAt`, `updatedAt`) VALUES ('cmlx16rp9000v04la24gq1ucx', 'Couveuse Intelligente Connectée 500 Œufs – Système Embarqué IoT', '<p>Conception&nbsp;et&nbsp;développement&nbsp;d’une&nbsp;couveuse&nbsp;intelligente&nbsp;automatisée&nbsp;de&nbsp;grande&nbsp;capacité&nbsp;(500&nbsp;œufs),&nbsp;basée&nbsp;sur&nbsp;une&nbsp;architecture&nbsp;embarquée&nbsp;ESP32&nbsp;intégrant&nbsp;un&nbsp;algorithme&nbsp;PID&nbsp;pour&nbsp;le&nbsp;contrôle&nbsp;précis&nbsp;de&nbsp;la&nbsp;température&nbsp;et&nbsp;de&nbsp;l’humidité.</p><p>Le&nbsp;système&nbsp;inclut&nbsp;:</p><ul><li>Surveillance&nbsp;en&nbsp;temps&nbsp;réel&nbsp;des&nbsp;paramètres&nbsp;environnementaux</li><li>Rotation&nbsp;automatique&nbsp;des&nbsp;œufs&nbsp;via&nbsp;moteur&nbsp;pas&nbsp;à&nbsp;pas</li><li>Redondance&nbsp;de&nbsp;capteurs&nbsp;pour&nbsp;garantir&nbsp;la&nbsp;fiabilité</li><li>Interface&nbsp;Web&nbsp;embarquée&nbsp;accessible&nbsp;en&nbsp;local</li><li>Système&nbsp;d’alertes&nbsp;et&nbsp;notifications</li><li>Architecture&nbsp;évolutive&nbsp;orientée&nbsp;industrialisation</li></ul><p>Ce&nbsp;projet&nbsp;illustre&nbsp;la&nbsp;conception&nbsp;complète&nbsp;d’un&nbsp;système&nbsp;embarqué&nbsp;allant&nbsp;du&nbsp;hardware&nbsp;(capteurs,&nbsp;actionneurs,&nbsp;PCB)&nbsp;au&nbsp;firmware&nbsp;optimisé&nbsp;et&nbsp;à&nbsp;l’interface&nbsp;utilisateur.</p><p>Objectif&nbsp;:&nbsp;proposer&nbsp;une&nbsp;solution&nbsp;technologique&nbsp;locale&nbsp;performante&nbsp;pour&nbsp;le&nbsp;secteur&nbsp;avicole&nbsp;africain.</p>', 'cat-iot', 'https://drive.google.com/file/d/1KD8rHxV6ZaaMr0FyMl5qFS72fsLQzbkX/view?usp=sharing', '', '', '', '["ESP32","FreeRTOS","PID Control","MQTT","HTML/CSS","JavaScript","PostgreSQL","Node.js","Capteurs DHT22","Moteur Pas à Pas","Driver ULN2003"]', 'En cours', false, '2026-02-21T23:50:18.429Z', '2026-02-22T17:22:31.109Z');
INSERT INTO `Project` (`id`, `title`, `description`, `categoryId`, `image`, `videoUrl`, `repoUrl`, `liveUrl`, `technologies`, `status`, `featured`, `createdAt`, `updatedAt`) VALUES ('cmlx1qxp3001404laaeaf75j5', 'Ohmmètre Numérique Intelligent', '<p>Dispositif&nbsp;de&nbsp;mesure&nbsp;électronique&nbsp;permettant&nbsp;l’affichage&nbsp;numérique&nbsp;des&nbsp;résistances.</p>', 'cmlxy2ony000204ld2iu32r72', '', '', '', '', '["Arduino","Écran LCD","Pont diviseur de tension"]', 'Terminé', false, '2026-02-22T00:05:59.319Z', '2026-02-22T17:32:32.493Z');
INSERT INTO `Project` (`id`, `title`, `description`, `categoryId`, `image`, `videoUrl`, `repoUrl`, `liveUrl`, `technologies`, `status`, `featured`, `createdAt`, `updatedAt`) VALUES ('cmly3clmh000304l2rv2979n4', 'Time Bomb Countdown', '<p>Quand&nbsp;l&#39;Arduino&nbsp;ajoute&nbsp;du&nbsp;suspense&nbsp;!Un&nbsp;projet&nbsp;simple&nbsp;mais&nbsp;super&nbsp;fun</p>', 'cmlxy2ony000204ld2iu32r72', 'https://drive.google.com/file/d/1KD8rHxV6ZaaMr0FyMl5qFS72fsLQzbkX/view?usp=sharing', 'https://www.youtube.com/shorts/92yG4vK0VkM?feature=share', '', '', '["ESP32","relai"]', 'Terminé', true, '2026-02-22T17:38:35.897Z', '2026-02-22T18:38:22.533Z');
INSERT INTO `Project` (`id`, `title`, `description`, `categoryId`, `image`, `videoUrl`, `repoUrl`, `liveUrl`, `technologies`, `status`, `featured`, `createdAt`, `updatedAt`) VALUES ('cmly651xh000004l5hhct90d3', 'Site Vitrine PHP avec Espace Admin', '<p><span style="color: rgba(0, 0, 0, 0.9); background-color: rgb(255, 255, 255);">J’ai&nbsp;récemment&nbsp;développé&nbsp;un&nbsp;site&nbsp;vitrine&nbsp;complet&nbsp;en&nbsp;PHP/MySQL,&nbsp;destiné&nbsp;aux&nbsp;entreprises&nbsp;souhaitant&nbsp;une&nbsp;présence&nbsp;en&nbsp;ligne&nbsp;professionnelle&nbsp;avec&nbsp;un&nbsp;système&nbsp;de&nbsp;gestion&nbsp;de&nbsp;contenu&nbsp;sécurisé&nbsp;(admin).</span></p><p><span style="color: rgba(0, 0, 0, 0.9); background-color: rgb(255, 255, 255);">&nbsp;Objectif&nbsp;:&nbsp;Permettre&nbsp;à&nbsp;des&nbsp;structures&nbsp;locales&nbsp;(BTP,&nbsp;auto-écoles,&nbsp;boutiques…)&nbsp;de&nbsp;gérer&nbsp;elles-mêmes&nbsp;leur&nbsp;site&nbsp;:&nbsp;services,&nbsp;projets,&nbsp;contact,&nbsp;témoignages…</span></p><p><span style="color: rgba(0, 0, 0, 0.9); background-color: rgb(255, 255, 255);">&nbsp;&nbsp;Fonctionnalités&nbsp;:</span></p><p><span style="color: rgba(0, 0, 0, 0.9); background-color: rgb(255, 255, 255);">Site&nbsp;responsive&nbsp;(PC,&nbsp;tablette,&nbsp;mobile)</span></p><p><span style="color: rgba(0, 0, 0, 0.9); background-color: rgb(255, 255, 255);">Espace&nbsp;administrateur&nbsp;(ajout/modification/suppression&nbsp;de&nbsp;contenu)</span></p><p><span style="color: rgba(0, 0, 0, 0.9); background-color: rgb(255, 255, 255);">Galerie&nbsp;dynamique&nbsp;de&nbsp;projets</span></p><p><span style="color: rgba(0, 0, 0, 0.9); background-color: rgb(255, 255, 255);">Formulaire&nbsp;de&nbsp;contact&nbsp;avec&nbsp;base&nbsp;de&nbsp;données</span></p><p><span style="color: rgba(0, 0, 0, 0.9); background-color: rgb(255, 255, 255);">Sécurité&nbsp;(CSRF,&nbsp;PDO,&nbsp;Bcrypt,&nbsp;etc.)</span></p>', 'cat-web', 'https://drive.google.com/file/d/1-3SFc8O5OiLZKvfzphQkN6FKGpNLWqih/view?usp=drive_link', 'https://youtu.be/_5LbB3qPpBM?si=DlogoiBzEABruyQ7', '', '', '["PHP","HTML5","CSS3","MySQL","JavaScript","Bootstrap"]', 'Terminé', true, '2026-02-22T18:56:42.629Z', '2026-02-22T18:59:21.572Z');
INSERT INTO `Project` (`id`, `title`, `description`, `categoryId`, `image`, `videoUrl`, `repoUrl`, `liveUrl`, `technologies`, `status`, `featured`, `createdAt`, `updatedAt`) VALUES ('cmly6ms02000104l7bpultnxo', 'Portfolio Dynamique avec Backend', '<p>Développement&nbsp;d’un&nbsp;portfolio&nbsp;dynamique&nbsp;avec&nbsp;gestion&nbsp;de&nbsp;contenu.</p><p>Fonctionnalités&nbsp;:</p><ul><li>Interface&nbsp;admin</li><li>Ajout&nbsp;et&nbsp;modification&nbsp;de&nbsp;projets</li><li>Base&nbsp;de&nbsp;données</li><li>Sécurité&nbsp;basique</li></ul><p>Objectif&nbsp;:&nbsp;rendre&nbsp;le&nbsp;portfolio&nbsp;évolutif&nbsp;et&nbsp;administrable.</p>', 'cat-web', 'https://drive.google.com/file/d/1-3SFc8O5OiLZKvfzphQkN6FKGpNLWqih/view?usp=drive_link', '', 'https://github.com/hounkpessode/hounkpessode', 'https://hounkpessode.github.io/hounkpessode/', '["HTML","CSS","JavaScript","My sql","PHP"]', 'Terminé', false, '2026-02-22T19:10:29.570Z', '2026-02-22T19:10:29.570Z');
INSERT INTO `Project` (`id`, `title`, `description`, `categoryId`, `image`, `videoUrl`, `repoUrl`, `liveUrl`, `technologies`, `status`, `featured`, `createdAt`, `updatedAt`) VALUES ('cmly7472t000104l4ixfv6ass', 'Site vitrine de bazin', '<p>Conception&nbsp;et&nbsp;développement&nbsp;d’un&nbsp;site&nbsp;web&nbsp;vitrine&nbsp;de&nbsp;boutique&nbsp;de&nbsp;BAZIN&nbsp;pour&nbsp;mon&nbsp;apprentissage&nbsp;en&nbsp;HTML,&nbsp;CSS&nbsp;et&nbsp;javaScript&nbsp;en&nbsp;2023</p>', 'cat-web', 'https://drive.google.com/file/d/1-3SFc8O5OiLZKvfzphQkN6FKGpNLWqih/view?usp=drive_link', '', 'https://github.com/hounkpessode/Bazin', 'https://hounkpessode.github.io/Bazin/', '["HTML","CSS","JavaScript"]', 'Terminé', false, '2026-02-22T19:24:02.261Z', '2026-02-22T19:24:02.261Z');
INSERT INTO `Project` (`id`, `title`, `description`, `categoryId`, `image`, `videoUrl`, `repoUrl`, `liveUrl`, `technologies`, `status`, `featured`, `createdAt`, `updatedAt`) VALUES ('cmly6y7qu000004l49fxbknpi', 'Site vitrine de Composants Électroniques', '<p>Conception&nbsp;et&nbsp;développement&nbsp;d’un&nbsp;site&nbsp;web&nbsp;vitrine&nbsp;de&nbsp;boutique&nbsp;de&nbsp;composants&nbsp;électroniques.&nbsp;pour&nbsp;mon&nbsp;apprentissage&nbsp;en&nbsp;HTML,&nbsp;CSS&nbsp;et&nbsp;javaScript&nbsp;en&nbsp;2023</p>', 'cat-web', 'https://drive.google.com/file/d/1-3SFc8O5OiLZKvfzphQkN6FKGpNLWqih/view?usp=drive_link', '', 'https://github.com/hounkpessode/Boutique', 'https://hounkpessode.github.io/Boutique/', '["HTML","CSS","JavaScript"]', 'Terminé', false, '2026-02-22T19:19:23.190Z', '2026-02-22T19:24:37.281Z');
INSERT INTO `Project` (`id`, `title`, `description`, `categoryId`, `image`, `videoUrl`, `repoUrl`, `liveUrl`, `technologies`, `status`, `featured`, `createdAt`, `updatedAt`) VALUES ('cmly6firh000004l7ho821jav', 'Plateforme Portfolio Professionnelle avec Dashboard Admin', '<p>Développement&nbsp;d’une&nbsp;plateforme&nbsp;portfolio&nbsp;complète&nbsp;avec&nbsp;système&nbsp;d’administration.</p><p>Fonctionnalités&nbsp;:</p><ul><li>Authentification&nbsp;sécurisée</li><li>Dashboard&nbsp;admin</li><li>Gestion&nbsp;projets,&nbsp;services&nbsp;et&nbsp;compétences</li><li>Optimisation&nbsp;SEO</li><li>Architecture&nbsp;backend&nbsp;structurée</li></ul><p>Objectif&nbsp;:&nbsp;créer&nbsp;une&nbsp;plateforme&nbsp;professionnelle&nbsp;scalable.</p>', 'cat-web', 'https://drive.google.com/file/d/1-3SFc8O5OiLZKvfzphQkN6FKGpNLWqih/view?usp=drive_link', '', '', 'https://www.bing.com/ck/a?!&&p=ec94dc2a16fdb8be9320736bb7755b42b48770660e9e70312742e84461787cc9JmltdHM9MTc3MTcxODQwMA&ptn=3&ver=2&hsh=4&fclid=0c6148b5-bc4c-6d79-2d1f-5e43bd8f6cb1&psq=hounkpessode+c.+b.+sergio&u=a1aHR0cHM6Ly9ob3Vua3Blc3NvZGUuaW5maW5pdHlmcmVlYXBwLmNvbS8', '["HTML","CSS","JavaScript","My sql"]', 'Terminé', false, '2026-02-22T19:04:51.005Z', '2026-02-22T19:27:04.534Z');

-- Table: Article
INSERT INTO `Article` (`id`, `title`, `content`, `excerpt`, `coverImage`, `categoryId`, `published`, `createdAt`, `updatedAt`) VALUES ('art-17716918831750.37712406446033764', 'L''Avenir de l''IoT en Afrique', 'Comment les objets connectés peuvent transformer l''agriculture et l''industrie sur le continent.', 'Analyse sur l''impact des technologies embarquées en Afrique.', NULL, 'cat-industrie', true, '2026-02-21T15:38:04.161Z', '2026-02-21T15:38:04.161Z');
INSERT INTO `Article` (`id`, `title`, `content`, `excerpt`, `coverImage`, `categoryId`, `published`, `createdAt`, `updatedAt`) VALUES ('a1', 'L''Avenir de l''IoT en Afrique', 'Découvrez comment les objets connectés révolutionnent l''économie africaine.', 'L''Avenir de l''IoT en Afrique - En savoir plus.', NULL, 'cat-iot', true, '2026-02-21T20:12:12.206Z', '2026-02-21T20:12:12.206Z');
INSERT INTO `Article` (`id`, `title`, `content`, `excerpt`, `coverImage`, `categoryId`, `published`, `createdAt`, `updatedAt`) VALUES ('a2', 'Pourquoi choisir Next.js en 2025 ?', 'Analyse des performances du framework pour les applications dashboard.', 'Pourquoi choisir Next.js en 2025 ? - En savoir plus.', NULL, 'cat-web', true, '2026-02-21T20:12:12.487Z', '2026-02-21T20:12:12.487Z');
INSERT INTO `Article` (`id`, `title`, `content`, `excerpt`, `coverImage`, `categoryId`, `published`, `createdAt`, `updatedAt`) VALUES ('a3', 'Le guide du débutant ESP32', 'Toutes les étapes pour flasher son premier firmware simplement.', 'Le guide du débutant ESP32 - En savoir plus.', NULL, 'cat-industrie', true, '2026-02-21T20:12:12.787Z', '2026-02-21T20:12:12.787Z');
INSERT INTO `Article` (`id`, `title`, `content`, `excerpt`, `coverImage`, `categoryId`, `published`, `createdAt`, `updatedAt`) VALUES ('a4', 'Agriculture 4.0 : Le Bénin innove', 'Zoom sur les startups locales qui utilisent l''IoT dans les champs.', 'Agriculture 4.0 : Le Bénin innove - En savoir plus.', NULL, 'cat-agriculture', true, '2026-02-21T20:12:13.072Z', '2026-02-21T20:12:13.072Z');
INSERT INTO `Article` (`id`, `title`, `content`, `excerpt`, `coverImage`, `categoryId`, `published`, `createdAt`, `updatedAt`) VALUES ('a5', 'PCB Design : Les erreurs à éviter', 'Conseils pratiques pour réussir son premier circuit imprimé.', 'PCB Design : Les erreurs à éviter - En savoir plus.', NULL, 'cat-hardware', true, '2026-02-21T20:12:13.356Z', '2026-02-21T20:12:13.356Z');
INSERT INTO `Article` (`id`, `title`, `content`, `excerpt`, `coverImage`, `categoryId`, `published`, `createdAt`, `updatedAt`) VALUES ('a6', 'LoRa vs WiFi : Quel choix pour la ville ?', 'Comparaison des technologies de transmission longue portée.', 'LoRa vs WiFi : Quel choix pour la ville ? - En savoir plus.', NULL, 'cat-iot', true, '2026-02-21T20:12:13.646Z', '2026-02-21T20:12:13.646Z');
INSERT INTO `Article` (`id`, `title`, `content`, `excerpt`, `coverImage`, `categoryId`, `published`, `createdAt`, `updatedAt`) VALUES ('a7', 'L''impact de l''IA sur l''industrie', 'Comment la maintenance prédictive sauve des millions d''euros.', 'L''impact de l''IA sur l''industrie - En savoir plus.', NULL, 'cat-industrie', true, '2026-02-21T20:12:13.934Z', '2026-02-21T20:12:13.934Z');
INSERT INTO `Article` (`id`, `title`, `content`, `excerpt`, `coverImage`, `categoryId`, `published`, `createdAt`, `updatedAt`) VALUES ('a8', 'Énergie solaire et monitoring', 'Pourquoi coupler les panneaux solaires à des capteurs IoT.', 'Énergie solaire et monitoring - En savoir plus.', NULL, 'cat-energie', true, '2026-02-21T20:12:14.358Z', '2026-02-21T20:12:14.358Z');
INSERT INTO `Article` (`id`, `title`, `content`, `excerpt`, `coverImage`, `categoryId`, `published`, `createdAt`, `updatedAt`) VALUES ('a9', 'Cybersécurité des objets connectés', 'Sécuriser ses données à l''heure du tout connecté.', 'Cybersécurité des objets connectés - En savoir plus.', NULL, 'cat-logiciel', true, '2026-02-21T20:12:14.726Z', '2026-02-21T20:12:14.726Z');
INSERT INTO `Article` (`id`, `title`, `content`, `excerpt`, `coverImage`, `categoryId`, `published`, `createdAt`, `updatedAt`) VALUES ('a10', 'Monter sa startup hardware au Bénin', '<p>Mon&nbsp;retour&nbsp;d&#39;expérience&nbsp;avec&nbsp;Meta&nbsp;Lab&nbsp;Africa.</p>', 'Monter sa startup hardware au Bénin - En savoir plus.n', '', 'cat-industrie', true, '2026-02-21T20:12:15.038Z', '2026-02-21T20:23:55.029Z');

-- Table: Experience
INSERT INTO `Experience` (`id`, `company`, `position`, `startDate`, `endDate`, `description`, `image`, `current`, `createdAt`, `updatedAt`) VALUES ('cmlwy0yak000304l1gff7r0tw', 'Meta Lab Africa (Projet entrepreneurial)', 'Fondateur & Développeur de Solutions IoT', 'Jan 2025', '', 'Conception et développement de solutions technologiques adaptées aux réalités africaines, combinant systèmes embarqués, IoT et développement web.
Développement de prototypes tels que des systèmes intelligents pour établissements scolaires, une couveuse connectée automatisée et des plateformes de gestion d’entreprise.
Gestion de l’architecture technique, de la modélisation des bases de données et de la stratégie d’innovation.', '', true, '2026-02-21T22:21:48.188Z', '2026-02-21T22:21:48.188Z');
INSERT INTO `Experience` (`id`, `company`, `position`, `startDate`, `endDate`, `description`, `image`, `current`, `createdAt`, `updatedAt`) VALUES ('cmlwzac16000004iknhbwzm6x', 'Projet Académique – Système de Gestion des Absences', 'Chef de Projet & Développeur', 'Mars 2024', 'Avril 2024', 'Conception d’un système automatisé de gestion des absences scolaires intégrant RFID et reconnaissance faciale.
Développement d’un tableau de bord web pour l’administration et système de notification automatisée pour les parents.', '', false, '2026-02-21T22:57:05.514Z', '2026-02-21T22:57:05.514Z');
INSERT INTO `Experience` (`id`, `company`, `position`, `startDate`, `endDate`, `description`, `image`, `current`, `createdAt`, `updatedAt`) VALUES ('cmlwztr9n000204la72l2jhua', 'HOLLY SERVICES – Sékou, Bénin', 'Formation en Installations Solaires', 'Mai 2018 ', 'Juin 2018', 'Compétences acquises :
Installation de systèmes photovoltaïques résidentiels
Paramétrage d’onduleurs
Gestion et dimensionnement de batteries
Sécurité des installations électriques', '', false, '2026-02-21T23:12:11.723Z', '2026-02-21T23:12:11.723Z');
INSERT INTO `Experience` (`id`, `company`, `position`, `startDate`, `endDate`, `description`, `image`, `current`, `createdAt`, `updatedAt`) VALUES ('cmlwzplzz000004laps4lxaiu', 'AZATA ÉLECTRONIQUE – Bohicon, Bénin', 'Stagiaire en Réparation d’Appareils Audiovisuels', 'Juin 2021 ', 'Juillet 2021', 'Missions :
Diagnostic et dépannage de systèmes audiovisuels (radios, téléviseurs, amplificateurs)
Réparation de circuits électroniques analogiques et numériques
Identification et remplacement de composants défectueux
Analyse de pannes électroniques complexes
Compétences développées :
Diagnostic technique, lecture de schémas électroniques, soudure et maintenance électronique.', '', false, '2026-02-21T23:08:58.271Z', '2026-02-21T23:08:58.271Z');
INSERT INTO `Experience` (`id`, `company`, `position`, `startDate`, `endDate`, `description`, `image`, `current`, `createdAt`, `updatedAt`) VALUES ('cmlwzs0c1000104lanqxyktgo', 'PHENIX GSM – Bohicon, Bénin', 'Stagiaire en Maintenance GSM', 'Juin 2020 ', ' Août 2020', 'Missions :
Réparation de smartphones (Android, iPhone)
Diagnostic de cartes mères mobiles
Remplacement d’écrans, batteries et composants électroniques
Optimisation des performances matérielles
Compétences développées :
Micro-soudure, maintenance mobile, analyse de circuits embarqués compacts.', '', false, '2026-02-21T23:10:50.161Z', '2026-02-21T23:10:50.161Z');
INSERT INTO `Experience` (`id`, `company`, `position`, `startDate`, `endDate`, `description`, `image`, `current`, `createdAt`, `updatedAt`) VALUES ('exp-freelance', 'Freelance', 'Consultant Système Embarqué', '2021-06', '2022-12', 'Optimisation de firmwares et conception de prototypes industriels.', NULL, true, '2026-02-21T20:02:40.644Z', '2026-02-21T20:02:40.644Z');

-- Table: Education
INSERT INTO `Education` (`id`, `school`, `degree`, `startDate`, `endDate`, `description`, `image`, `createdAt`, `updatedAt`) VALUES ('cmlwxm5lj000004l13mvtuggr', 'HECM (Haute École de Commerce et de Management)', 'Licence en Informatique Industrielle et Maintenance', '2022', '2025', 'Formation spécialisée en systèmes embarqués, automatisation industrielle et maintenance des systèmes techniques. Acquisition de compétences en électronique, programmation des microcontrôleurs, conception de logiciels de gestion et optimisation des processus industriels.', '', '2026-02-21T22:10:17.815Z', '2026-02-21T22:10:17.815Z');
INSERT INTO `Education` (`id`, `school`, `degree`, `startDate`, `endDate`, `description`, `image`, `createdAt`, `updatedAt`) VALUES ('cmlwxrfq6000104l16m7h5d3a', 'LYTEB (Lycée Technique de bohicon ', 'Baccalauréat F2 – Électronique ', '2019', '2022', 'Formation technique en électrotechnique et électricité industrielle. Étude des installations électriques, machines industrielles, schémas électriques, maintenance et sécurité des systèmes énergétiques.', '', '2026-02-21T22:14:24.222Z', '2026-02-21T22:14:24.222Z');
INSERT INTO `Education` (`id`, `school`, `degree`, `startDate`, `endDate`, `description`, `image`, `createdAt`, `updatedAt`) VALUES ('cmlwxv5d9000204l1detxxk3m', 'Formations complémentaires', 'IoT & Systèmes Embarqués (Auto-formation avancée)', '2018', '2026', 'Développement de projets basés sur ESP32, Arduino, intégration de capteurs, communication I2C, conception d’algorithmes PID et systèmes connectés.', '', '2026-02-21T22:17:17.421Z', '2026-02-21T22:17:17.421Z');

-- Table: Skill
INSERT INTO `Skill` (`id`, `name`, `level`, `category`, `createdAt`) VALUES ('skill-arduino-/-esp32', 'Arduino / ESP32', 95, 'Hardware', '2026-02-21T20:02:38.938Z');
INSERT INTO `Skill` (`id`, `name`, `level`, `category`, `createdAt`) VALUES ('skill-conception-pcb-(altium/kicad)', 'Conception PCB (Altium/KiCad)', 85, 'Hardware', '2026-02-21T20:02:39.208Z');
INSERT INTO `Skill` (`id`, `name`, `level`, `category`, `createdAt`) VALUES ('skill-next.js-/-react', 'Next.js / React', 90, 'Web', '2026-02-21T20:02:39.478Z');
INSERT INTO `Skill` (`id`, `name`, `level`, `category`, `createdAt`) VALUES ('skill-python-/-c++', 'Python / C++', 88, 'Software', '2026-02-21T20:02:39.764Z');
INSERT INTO `Skill` (`id`, `name`, `level`, `category`, `createdAt`) VALUES ('skill-iot-cloud-systems', 'IoT Cloud Systems', 92, 'IoT', '2026-02-21T20:02:40.068Z');
INSERT INTO `Skill` (`id`, `name`, `level`, `category`, `createdAt`) VALUES ('cmlx0cgvk000404laehwzbniu', 'I2C / SPI / UART', 80, 'Autre', '2026-02-21T23:26:44.720Z');
INSERT INTO `Skill` (`id`, `name`, `level`, `category`, `createdAt`) VALUES ('cmlx0di8f000504la8uq9gffu', 'PWM / ADC / DAC', 81, 'Autre', '2026-02-21T23:27:33.135Z');
INSERT INTO `Skill` (`id`, `name`, `level`, `category`, `createdAt`) VALUES ('cmlx0esql000604la6ns3ec5w', 'Firmware Development', 85, 'Software', '2026-02-21T23:28:33.405Z');
INSERT INTO `Skill` (`id`, `name`, `level`, `category`, `createdAt`) VALUES ('cmlx0j31j000a04lat308lo7k', 'MQTT', 80, 'Software', '2026-02-21T23:31:53.383Z');
INSERT INTO `Skill` (`id`, `name`, `level`, `category`, `createdAt`) VALUES ('cmlx0jorl000b04laasxbykmf', 'ESP8266/ STM32', 95, 'Hardware', '2026-02-21T23:32:21.537Z');
INSERT INTO `Skill` (`id`, `name`, `level`, `category`, `createdAt`) VALUES ('cmlx0kkhv000c04la1fj51pga', 'HTTP / REST API', 80, 'Software', '2026-02-21T23:33:02.659Z');
INSERT INTO `Skill` (`id`, `name`, `level`, `category`, `createdAt`) VALUES ('cmlx0m5xe000d04lao543w16i', 'Systèmes photovoltaïques', 80, 'Autre', '2026-02-21T23:34:17.089Z');
INSERT INTO `Skill` (`id`, `name`, `level`, `category`, `createdAt`) VALUES ('cmlx0n1xg000e04lab7mz28g8', 'Diagnostic électronique', 95, 'Hardware', '2026-02-21T23:34:58.563Z');
INSERT INTO `Skill` (`id`, `name`, `level`, `category`, `createdAt`) VALUES ('cmlx0nv9u000f04ladoycdb0d', 'Conception de circuits', 80, 'Hardware', '2026-02-21T23:35:36.594Z');
INSERT INTO `Skill` (`id`, `name`, `level`, `category`, `createdAt`) VALUES ('cmlx0psx8000g04ladc02eif7', 'FreeRTOS', 92, 'Software', '2026-02-21T23:37:06.859Z');

-- Table: Language
INSERT INTO `Language` (`id`, `name`, `proficiency`, `createdAt`) VALUES ('cmlx0soxf000h04lagnqr2w24', 'Français', 'Courant / Professionnel', '2026-02-21T23:39:21.651Z');
INSERT INTO `Language` (`id`, `name`, `proficiency`, `createdAt`) VALUES ('cmlx0tgwi000i04lalaw6zp2y', 'Anglais', 'Intermédiaire technique', '2026-02-21T23:39:57.906Z');
INSERT INTO `Language` (`id`, `name`, `proficiency`, `createdAt`) VALUES ('cmlx0u1qu000j04la909h14st', 'Fon', 'Langue maternelle', '2026-02-21T23:40:24.918Z');

-- Table: Interest
INSERT INTO `Interest` (`id`, `name`, `createdAt`) VALUES ('cmlx0vusw000k04lako8dlwps', 'Curiosité technique', '2026-02-21T23:41:49.232Z');
INSERT INTO `Interest` (`id`, `name`, `createdAt`) VALUES ('cmlx0wiop000m04larnnv3crb', 'Discipline', '2026-02-21T23:42:20.185Z');
INSERT INTO `Interest` (`id`, `name`, `createdAt`) VALUES ('cmlx0wsjt000n04la9cjr31pd', 'Esprit innovant', '2026-02-21T23:42:32.969Z');
INSERT INTO `Interest` (`id`, `name`, `createdAt`) VALUES ('cmlx0xqzk000o04la4kw5zf6a', 'Innovation technologique', '2026-02-21T23:43:17.600Z');
INSERT INTO `Interest` (`id`, `name`, `createdAt`) VALUES ('cmlx0y3df000p04la6luzrw5x', 'Systèmes embarqués & IoT', '2026-02-21T23:43:33.651Z');
INSERT INTO `Interest` (`id`, `name`, `createdAt`) VALUES ('cmlx0ygsy000q04la7l9orl77', 'Automatisation industrielle', '2026-02-21T23:43:51.058Z');
INSERT INTO `Interest` (`id`, `name`, `createdAt`) VALUES ('cmlx0yvlu000r04lapjvjpyni', 'Prototypage électronique', '2026-02-21T23:44:10.242Z');
INSERT INTO `Interest` (`id`, `name`, `createdAt`) VALUES ('cmlx0z84f000s04larnlwk1d8', 'Entrepreneuriat tech', '2026-02-21T23:44:26.463Z');

-- Table: Media
INSERT INTO `Media` (`id`, `url`, `name`, `type`, `size`, `createdAt`) VALUES ('cmlxo9u8y0000a8vl1cs1lrp7', '/uploads/1771760192807_whatsapp_image_2026_02_14_at_21.webp', 'WhatsApp Image 2026-02-14 at 21.16.03.jpeg', 'image/jpeg', 100637, '2026-02-22T10:36:32.865Z');

-- Table: Settings
INSERT INTO `Settings` (`id`, `siteName`, `siteTitle`, `siteDesc`, `contactEmail`, `contactPhone`, `footerText`, `cvUrl`, `updatedAt`) VALUES ('global', 'Sergio Hounkpessode – Tech & Embedded Systems Portfolio', 'Sergio Hounkpessode | Expert IoT, Systèmes Embarqués & Solutions Web en Afrique', 'Conception de systèmes IoT, solutions embarquées et plateformes web intelligentes pour l''innovation technologique en Afrique.', 'meta.lab.africa@gmail.com', '+2290169640254', 'Architecte de solutions IoT & systèmes embarqués. Construisons l’innovation africaine.', NULL, '2026-02-21T15:38:04.800Z');

-- Table: Service
INSERT INTO `Service` (`id`, `title`, `description`, `images`, `createdAt`, `updatedAt`) VALUES ('s10', 'Installation LoRaWAN & Réseaux', '<p>Déploiement&nbsp;de&nbsp;passerelles&nbsp;et&nbsp;réseaux&nbsp;longue&nbsp;portée&nbsp;pour&nbsp;capteurs&nbsp;distants.nnnn</p>', '["https://images.unsplash.com/photo-1544197150-b99a580bb7a8"]', '2026-02-21T20:12:08.894Z', '2026-02-21T20:24:29.665Z');
INSERT INTO `Service` (`id`, `title`, `description`, `images`, `createdAt`, `updatedAt`) VALUES ('cmlx24ts5000404gsv6s53ins', 'Automatisation Industrielle & PME', '<p>Automatisation&nbsp;des&nbsp;processus&nbsp;industriels&nbsp;et&nbsp;commerciaux.</p><p>Inclut&nbsp;:</p><ul><li>Commande&nbsp;machines</li><li>Surveillance&nbsp;production</li><li>Contrôle&nbsp;équipements</li></ul>', '["https://drive.google.com/uc?id=1R4wOlqEA4vDkN88FoQA4p0_ih1cbAbzf","https://drive.google.com/uc?id=1E96mSA4VSzitMU-utXJVvsvQkbPCRkd-","https://drive.google.com/uc?id=1JP5o0sqk1WfUeEViu0WcASRp-ggg9b3b"]', '2026-02-22T00:16:47.429Z', '2026-02-22T16:44:55.373Z');
INSERT INTO `Service` (`id`, `title`, `description`, `images`, `createdAt`, `updatedAt`) VALUES ('cmlx1xzny000104gssdij3x5v', 'Automatisation Électronique & Domotique', '<p>Conception&nbsp;de&nbsp;systèmes&nbsp;intelligents&nbsp;pour&nbsp;l’automatisation&nbsp;des&nbsp;équipements&nbsp;domestiques&nbsp;et&nbsp;industriels.</p><p>Inclut&nbsp;:</p><ul><li>Systèmes&nbsp;d’allumage&nbsp;automatique</li><li>Contrôle&nbsp;de&nbsp;niveau&nbsp;d’eau</li><li>Gestion&nbsp;intelligente&nbsp;de&nbsp;l’énergie</li><li>Sécurité&nbsp;par&nbsp;badge&nbsp;RFID</li></ul>', '["https://drive.google.com/uc?id=1JP5o0sqk1WfUeEViu0WcASRp-ggg9b3b","https://drive.google.com/uc?id=1E96mSA4VSzitMU-utXJVvsvQkbPCRkd-","https://drive.google.com/uc?id=1KD8rHxV6ZaaMr0FyMl5qFS72fsLQzbkX"]', '2026-02-22T00:11:28.462Z', '2026-02-22T16:48:13.460Z');
INSERT INTO `Service` (`id`, `title`, `description`, `images`, `createdAt`, `updatedAt`) VALUES ('cmlx204hi000304gs314b7fwy', 'Prototypage de Produits Technologiques', '<p>Accompagnement&nbsp;dans&nbsp;la&nbsp;transformation&nbsp;d’une&nbsp;idée&nbsp;en&nbsp;produit&nbsp;technologique&nbsp;fonctionnel.</p><p>Inclut&nbsp;:</p><ul><li>Conception&nbsp;électronique</li><li>Développement&nbsp;firmware</li><li>Test&nbsp;et&nbsp;optimisation</li><li>Préparation&nbsp;à&nbsp;la&nbsp;production&nbsp;industrielle</li></ul>', '["https://drive.google.com/uc?id=1R4wOlqEA4vDkN88FoQA4p0_ih1cbAbzf","https://drive.google.com/uc?id=1VkDeCFnbnfFYExYT_F9FKgKJ30V7RGFv","https://drive.google.com/uc?id=19HXXA9zZlyfFuG90DQNCBFjYIxrS5Hgs","https://drive.google.com/uc?id=1nTYsZ0QAePNymocent2Vxi_cKRLTYAoM"]', '2026-02-22T00:13:08.022Z', '2026-02-22T16:40:32.896Z');
INSERT INTO `Service` (`id`, `title`, `description`, `images`, `createdAt`, `updatedAt`) VALUES ('cmlx1z0du000204gsppfp8j1a', 'Conception et Maintenance Électronique', '<p>Maintenance,&nbsp;diagnostic&nbsp;et&nbsp;réparation&nbsp;de&nbsp;systèmes&nbsp;électroniques.</p><p>Inclut&nbsp;:</p><ul><li>Diagnostic&nbsp;de&nbsp;pannes&nbsp;électroniques</li><li>Réparation&nbsp;d’appareils&nbsp;électroniques</li><li>Analyse&nbsp;de&nbsp;circuits&nbsp;et&nbsp;remplacement&nbsp;de&nbsp;composants</li></ul>', '["https://drive.google.com/uc?id=1R4wOlqEA4vDkN88FoQA4p0_ih1cbAbzf","https://drive.google.com/uc?id=1d8DD-159vzYzgnaeBeRCjZSv94LSSFLs","https://drive.google.com/uc?id=1JP5o0sqk1WfUeEViu0WcASRp-ggg9b3b"]', '2026-02-22T00:12:16.050Z', '2026-02-22T16:43:52.950Z');
INSERT INTO `Service` (`id`, `title`, `description`, `images`, `createdAt`, `updatedAt`) VALUES ('cmlx263d1000504gsxea335ts', 'Domotique Intelligente Premium', '<p>Installation&nbsp;de&nbsp;systèmes&nbsp;intelligents&nbsp;pour&nbsp;maisons&nbsp;et&nbsp;hôtels.</p><p>Inclut&nbsp;:</p><ul><li>Éclairage&nbsp;intelligent</li><li>Sécurité&nbsp;électronique</li><li>Contrôle&nbsp;distance&nbsp;équipements</li></ul>', '["https://drive.google.com/uc?id=1E96mSA4VSzitMU-utXJVvsvQkbPCRkd-","https://drive.google.com/uc?id=1JP5o0sqk1WfUeEViu0WcASRp-ggg9b3b"]', '2026-02-22T00:17:46.501Z', '2026-02-22T16:44:31.898Z');
INSERT INTO `Service` (`id`, `title`, `description`, `images`, `createdAt`, `updatedAt`) VALUES ('cmlx1vriu001504la30fflyqr', 'Développement de Systèmes Embarqués & Firmware', '<p>Conception&nbsp;et&nbsp;développement&nbsp;de&nbsp;solutions&nbsp;embarquées&nbsp;complètes&nbsp;allant&nbsp;du&nbsp;prototype&nbsp;au&nbsp;produit&nbsp;final.</p><p>Ce&nbsp;service&nbsp;inclut&nbsp;:</p><ul><li>Développement&nbsp;de&nbsp;firmware&nbsp;pour&nbsp;ESP32,&nbsp;ESP8266,&nbsp;Arduino&nbsp;et&nbsp;STM32</li><li>Intégration&nbsp;de&nbsp;capteurs&nbsp;et&nbsp;actionneurs</li><li>Programmation&nbsp;des&nbsp;protocoles&nbsp;de&nbsp;communication&nbsp;(I2C,&nbsp;SPI,&nbsp;UART)</li><li>Optimisation&nbsp;mémoire&nbsp;et&nbsp;performance&nbsp;des&nbsp;systèmes&nbsp;embarqués</li><li>Documentation&nbsp;technique&nbsp;complète</li></ul><p>Idéal&nbsp;pour&nbsp;les&nbsp;startups,&nbsp;entreprises&nbsp;industrielles&nbsp;et&nbsp;projets&nbsp;d’automatisation.</p>', '["https://drive.google.com/uc?id=1nTYsZ0QAePNymocent2Vxi_cKRLTYAoM","https://drive.google.com/uc?id=1n-uNPNVeV-j0r1wjmhjaORGYeRBFtOLN","https://drive.google.com/uc?id=1xZ_wlpv2kDobtW6s-6f9kaCMwU3EK-dS"]', '2026-02-22T00:09:44.598Z', '2026-02-22T16:54:54.789Z');
INSERT INTO `Service` (`id`, `title`, `description`, `images`, `createdAt`, `updatedAt`) VALUES ('s8', 'Systèmes de Gestion d''Énergie', '<p>Solutions&nbsp;de&nbsp;monitoring&nbsp;et&nbsp;d&#39;économie&nbsp;d&#39;énergie&nbsp;pour&nbsp;bâtiments&nbsp;et&nbsp;usines.</p>', '["https://images.unsplash.com/photo-1473341304170-971dccb5ac1e","https://drive.google.com/uc?id=1VVMvCadCfjpllYR7ddClzE_5EK35Foe5"]', '2026-02-21T20:12:08.328Z', '2026-02-22T16:56:25.423Z');
INSERT INTO `Service` (`id`, `title`, `description`, `images`, `createdAt`, `updatedAt`) VALUES ('s5', 'Smart Agriculture', '<p>Mise&nbsp;en&nbsp;place&nbsp;de&nbsp;systèmes&nbsp;d&#39;irrigation&nbsp;et&nbsp;de&nbsp;monitoring&nbsp;automatisés.</p>', '["https://images.unsplash.com/photo-1560493676-04071c5f467b","https://drive.google.com/uc?id=120UNGHFlqB-7oRfPWsQGvtyL-JON24oT"]', '2026-02-21T20:12:07.465Z', '2026-02-22T16:57:34.904Z');
INSERT INTO `Service` (`id`, `title`, `description`, `images`, `createdAt`, `updatedAt`) VALUES ('s4', 'Conception Electronique (PCB)', '<p>Tracé&nbsp;de&nbsp;circuits&nbsp;imprimés&nbsp;multicouches&nbsp;et&nbsp;routage&nbsp;professionnel.</p>', '["https://drive.google.com/uc?id=1mSMhZdgfoDaSKI3aySiQmWOe5cI5g1wX","https://drive.google.com/uc?id=1RPCfv2a2xAIHylstS3RIZxNxoanfiBEu","https://drive.google.com/uc?id=1VkDeCFnbnfFYExYT_F9FKgKJ30V7RGFv"]', '2026-02-21T20:12:07.184Z', '2026-02-22T16:59:40.217Z');
INSERT INTO `Service` (`id`, `title`, `description`, `images`, `createdAt`, `updatedAt`) VALUES ('s3', 'Création de Sites Web Modernes', '<p>Sites&nbsp;vitrines&nbsp;et&nbsp;applications&nbsp;web&nbsp;performantes&nbsp;</p>', '["https://images.unsplash.com/photo-1460925895917-afdab827c52f"]', '2026-02-21T20:12:06.896Z', '2026-02-22T17:00:38.075Z');
INSERT INTO `Service` (`id`, `title`, `description`, `images`, `createdAt`, `updatedAt`) VALUES ('ser-17716918819390.1614285923303188', 'Développement IoT & Systèmes Embarqués', '<p>Conception&nbsp;de&nbsp;solutions&nbsp;connectées&nbsp;sur&nbsp;mesure,&nbsp;de&nbsp;la&nbsp;CAO&nbsp;électronique&nbsp;au&nbsp;firmware&nbsp;(ESP32,&nbsp;STM32).</p>', '["https://images.unsplash.com/photo-1518770660439-4636190af475"]', '2026-02-21T15:38:02.920Z', '2026-02-22T17:02:05.401Z');
INSERT INTO `Service` (`id`, `title`, `description`, `images`, `createdAt`, `updatedAt`) VALUES ('cmlx1wwiw000004gseyq4fh65', 'Solutions IoT & Connectivité Cloud', '<p>Développement&nbsp;de&nbsp;systèmes&nbsp;intelligents&nbsp;connectés&nbsp;permettant&nbsp;la&nbsp;surveillance&nbsp;et&nbsp;le&nbsp;contrôle&nbsp;à&nbsp;distance&nbsp;via&nbsp;Internet.</p><p>Ce&nbsp;service&nbsp;inclut&nbsp;:</p><ul><li>Communication&nbsp;MQTT,&nbsp;HTTP&nbsp;et&nbsp;WebSocket</li><li>Création&nbsp;de&nbsp;tableaux&nbsp;de&nbsp;bord&nbsp;web&nbsp;pour&nbsp;monitoring&nbsp;en&nbsp;temps&nbsp;réel</li><li>Intégration&nbsp;avec&nbsp;bases&nbsp;de&nbsp;données&nbsp;et&nbsp;serveurs&nbsp;cloud</li><li>Alertes&nbsp;et&nbsp;notifications&nbsp;intelligentes</li></ul>', '["https://drive.google.com/uc?id=1E96mSA4VSzitMU-utXJVvsvQkbPCRkd-","https://drive.google.com/uc?id=1t1MTghyFecMgroBF1fA79MOMfF-UYdxG","https://drive.google.com/uc?id=1fyNo4cWN5eA3lGT_3bdPVGeGZ0z0Mvz_"]', '2026-02-22T00:10:37.736Z', '2026-02-22T16:50:47.016Z');

